{"id":281,"date":"2012-05-26T14:56:33","date_gmt":"2012-05-26T14:56:33","guid":{"rendered":"https:\/\/oncoestetica.es\/blog\/?page_id=281"},"modified":"2020-09-29T18:01:51","modified_gmt":"2020-09-29T16:01:51","slug":"efectos-de-la-quimioterapia-en-cejas-pestanas-y-unas","status":"publish","type":"page","link":"https:\/\/oncoestetica.es\/blog\/index.php\/efectos-de-la-quimioterapia-en-cejas-pestanas-y-unas\/","title":{"rendered":"Efectos de la Quimioterapia en cejas, pesta\u00f1as y u\u00f1as"},"content":{"rendered":"<h2>Efectos secundarios en las cejas<\/h2>\n<p>En ocasiones, junto con la ca\u00edda del pelo aparece una <strong>p\u00e9rdida de densidad en las cejas<\/strong> (casi hacia el final del tratamiento),\u00a0\u00a0<strong>p\u00e9rdida de pesta\u00f1as y alteraciones en las u\u00f1as<\/strong>.<\/p>\n<p>Para recuperar la <strong>densidad de tus cejas<\/strong>, puedes utilizar el<\/p>\n<p><a href=\"https:\/\/oncoestetica.es\/cejas-y-pestanas\/maquillaje-de-cejas-eyebrow10-carebell-sin-parabenos.html\"><strong>Maquillaje para cejas EYEBROWS 10 de Carebell<\/strong><\/a>. No contiene parabenos.<\/p>\n<p>Viene con varias plantillas para dibujarlas perfectamente y es resistente al agua.<\/p>\n<p><a href=\"https:\/\/oncoestetica.es\/cejas-y-pestanas\/maquillaje-de-cejas-eyebrow10-carebell-sin-parabenos.html\"><img loading=\"lazy\" decoding=\"async\" class=\"alignnone size-full wp-image-5302 aligncenter\" src=\"https:\/\/oncoestetica.es\/blog\/wp-content\/uploads\/maquillaje-de-cejas-eyebrow10-carebell-sin-parabenos-1.jpg\" alt=\"\" width=\"440\" height=\"422\" srcset=\"https:\/\/oncoestetica.es\/blog\/wp-content\/uploads\/maquillaje-de-cejas-eyebrow10-carebell-sin-parabenos-1.jpg 440w, https:\/\/oncoestetica.es\/blog\/wp-content\/uploads\/maquillaje-de-cejas-eyebrow10-carebell-sin-parabenos-1-300x288.jpg 300w\" sizes=\"auto, (max-width: 440px) 100vw, 440px\" \/><\/a><\/p>\n<p>No es aconsejable el \u201cmaquillaje permanente\u201d o micropigmentaci\u00f3n tipo tatuaje, \u00a0por el riesgo de infecci\u00f3n.<\/p>\n<h2>Efectos secundarios en las pesta\u00f1as<\/h2>\n<p>Del mismo modo que las cejas, las pesta\u00f1as tambi\u00e9n pueden verse afectadas. El efecto suele producirse en estados m\u00e1s avanzados del tratamiento. <strong>La pesta\u00f1a puede verse parcial o totalmente despoblad<\/strong>a. Para este caso contamos con 2 soluciones personalizadas.<\/p>\n<h2 style=\"text-align: center;\"><span style=\"color: #800000;\">\u2665<\/span>Pesta\u00f1as adherentes sin adhesivos irritantes<span style=\"color: #800000;\">\u2665<\/span><\/h2>\n<h3 style=\"text-align: center;\"><span style=\"color: #800000;\">EYLURE PR\u00d3TESIS DE PESTA\u00d1AS ADHERENTES 031 NATURALS<\/span><\/h3>\n<p style=\"text-align: center;\"><a href=\"https:\/\/oncoestetica.es\/cejas-y-pestanas\/protesis-de-pestanas-postizas-adherentes-despobladas-030.html\" target=\"_blank\" rel=\"noopener noreferrer\"><img loading=\"lazy\" decoding=\"async\" class=\"alignnone size-full wp-image-4692\" src=\"https:\/\/oncoestetica.es\/blog\/wp-content\/uploads\/protesis-pesta\u00f1as-eylure.jpg\" alt=\"protesis pesta\u00f1as eylure\" width=\"440\" height=\"422\" srcset=\"https:\/\/oncoestetica.es\/blog\/wp-content\/uploads\/protesis-pesta\u00f1as-eylure.jpg 440w, https:\/\/oncoestetica.es\/blog\/wp-content\/uploads\/protesis-pesta\u00f1as-eylure-300x288.jpg 300w\" sizes=\"auto, (max-width: 440px) 100vw, 440px\" \/><\/a><\/p>\n<h3 style=\"text-align: center;\"><span style=\"color: #800000;\">PR\u00d3TESIS DE PESTA\u00d1AS ADHERENTES EYLURE 070<\/span><\/h3>\n<p style=\"text-align: center;\"><a href=\"https:\/\/oncoestetica.es\/cejas-y-pestanas\/protesis-de-pestanas-eylure-adherentes-eylure-070.html\" target=\"_blank\" rel=\"noopener noreferrer\"><img loading=\"lazy\" decoding=\"async\" class=\"alignnone size-full wp-image-4693\" src=\"https:\/\/oncoestetica.es\/blog\/wp-content\/uploads\/protesis-eylure.jpg\" alt=\"protesis eylure\" width=\"440\" height=\"422\" srcset=\"https:\/\/oncoestetica.es\/blog\/wp-content\/uploads\/protesis-eylure.jpg 440w, https:\/\/oncoestetica.es\/blog\/wp-content\/uploads\/protesis-eylure-300x288.jpg 300w\" sizes=\"auto, (max-width: 440px) 100vw, 440px\" \/><\/a><\/p>\n<p>Estas pesta\u00f1as tienen un sistema de adherencia \u00fanico para una <strong>fijaci\u00f3n sin necesidad de aplicar adhesivos <\/strong>ni pegamentos irritantes para el ojo y la piel delicada del p\u00e1rpado. Son reutilizables y cuentan con un recambio para alargar su uso.<\/p>\n<h2 style=\"text-align: center;\"><span style=\"color: #800000;\">Efectos secundarios en las\u00a0U\u00f1as<\/span><\/h2>\n<p>En relaci\u00f3n a las u\u00f1as, pueden aparecer bandas horizontales o verticales, detenci\u00f3n del crecimiento, reblandecimiento o engrosamiento, etc. Recuerda que es a consecuencia del tratamiento y que es un problema reversible. Puedes prevenir estos efectos con\u00a0estos dos productos:<\/p>\n<h2 style=\"text-align: center;\"><span style=\"color: #800000;\">\u00bfTienes lesiones en las u\u00f1as?<\/span><\/h2>\n<h3 style=\"text-align: center;\">FUNGUSLESS TRATAMIENTO DE U\u00d1AS<\/h3>\n<p style=\"text-align: center;\">Elimina con ingredientes naturales u\u00f1as amarillas, lesiones, hongos&#8230; Regenera una\u00a0u\u00f1a nueva y sana.<\/p>\n<p style=\"text-align: center;\"><a href=\"https:\/\/oncoestetica.es\/unas-manos-y-pies\/unas-fungusless-fragiles-hongos.html?search_query=fungus&amp;results=1&amp;cate=\" target=\"_blank\" rel=\"noopener noreferrer\"><img loading=\"lazy\" decoding=\"async\" class=\"alignnone size-full wp-image-4694\" src=\"https:\/\/oncoestetica.es\/blog\/wp-content\/uploads\/fungus-u\u00f1as.jpg\" alt=\"fungus u\u00f1as\" width=\"440\" height=\"422\" srcset=\"https:\/\/oncoestetica.es\/blog\/wp-content\/uploads\/fungus-u\u00f1as.jpg 440w, https:\/\/oncoestetica.es\/blog\/wp-content\/uploads\/fungus-u\u00f1as-300x288.jpg 300w\" sizes=\"auto, (max-width: 440px) 100vw, 440px\" \/><\/a><\/p>\n<h3 style=\"text-align: center;\">SESDERMA LACTEMOL F NAILS &#8211; CUIDADO DE U\u00d1AS<\/h3>\n<p><a href=\"https:\/\/oncoestetica.es\/unas-manos-y-pies\/lactemol-f-nails-tratamiento-de-unas-debilitadas-fortalecedor.html\" target=\"_blank\" rel=\"attachment wp-att-311 noopener noreferrer\"><img loading=\"lazy\" decoding=\"async\" class=\"aligncenter wp-image-311 size-medium\" title=\"Lactemol F Nails para u\u00f1as\" src=\"https:\/\/oncoestetica.es\/blog\/wp-content\/uploads\/lactemol-300x300.jpg\" alt=\"Lactemol F Nails para u\u00f1as\" width=\"300\" height=\"300\" srcset=\"https:\/\/oncoestetica.es\/blog\/wp-content\/uploads\/lactemol-300x300.jpg 300w, https:\/\/oncoestetica.es\/blog\/wp-content\/uploads\/lactemol-150x150.jpg 150w, https:\/\/oncoestetica.es\/blog\/wp-content\/uploads\/lactemol.jpg 450w\" sizes=\"auto, (max-width: 300px) 100vw, 300px\" \/><\/a><\/p>\n<p>No utilices corta-cut\u00edculas, cuchillas corta callos u otros utensilios que puedan producir cortes en la piel. Debes evitar en lo posible el uso de crema de esmaltes y quitaesmaltes.<\/p>\n<h3 style=\"text-align: center;\"><span style=\"color: #800000;\">\u2665<\/span>\u00bfQuieres M\u00e1s Informaci\u00f3n?<span style=\"color: #800000;\">\u2665<\/span><\/h3>\n<h2 style=\"text-align: center;\"><a href=\"https:\/\/oncoestetica.es\/blog\/index.php\/efectos-de-la-quimioterapia-en-el-cabello\/\" target=\"_blank\" rel=\"noopener noreferrer\">\u21d2Efectos de la Quimioterapia en el Cabello\u21d0<\/a><\/h2>\n","protected":false},"excerpt":{"rendered":"<p>Efectos secundarios en las cejas En ocasiones, junto con la ca\u00edda del pelo aparece una p\u00e9rdida de densidad en las cejas (casi hacia el final del tratamiento),\u00a0\u00a0p\u00e9rdida de pesta\u00f1as y alteraciones en las u\u00f1as. Para recuperar la densidad de tus cejas, puedes utilizar el Maquillaje para cejas EYEBROWS 10 de Carebell. No contiene parabenos. Viene [&hellip;]<\/p>\n","protected":false},"author":1,"featured_media":0,"parent":0,"menu_order":0,"comment_status":"open","ping_status":"closed","template":"","meta":{"_et_pb_use_builder":"","_et_pb_old_content":"","_et_gb_content_width":"","footnotes":""},"class_list":["post-281","page","type-page","status-publish","hentry"],"_links":{"self":[{"href":"https:\/\/oncoestetica.es\/blog\/index.php\/wp-json\/wp\/v2\/pages\/281","targetHints":{"allow":["GET"]}}],"collection":[{"href":"https:\/\/oncoestetica.es\/blog\/index.php\/wp-json\/wp\/v2\/pages"}],"about":[{"href":"https:\/\/oncoestetica.es\/blog\/index.php\/wp-json\/wp\/v2\/types\/page"}],"author":[{"embeddable":true,"href":"https:\/\/oncoestetica.es\/blog\/index.php\/wp-json\/wp\/v2\/users\/1"}],"replies":[{"embeddable":true,"href":"https:\/\/oncoestetica.es\/blog\/index.php\/wp-json\/wp\/v2\/comments?post=281"}],"version-history":[{"count":23,"href":"https:\/\/oncoestetica.es\/blog\/index.php\/wp-json\/wp\/v2\/pages\/281\/revisions"}],"predecessor-version":[{"id":5645,"href":"https:\/\/oncoestetica.es\/blog\/index.php\/wp-json\/wp\/v2\/pages\/281\/revisions\/5645"}],"wp:attachment":[{"href":"https:\/\/oncoestetica.es\/blog\/index.php\/wp-json\/wp\/v2\/media?parent=281"}],"curies":[{"name":"wp","href":"https:\/\/api.w.org\/{rel}","templated":true}]}}

Efectos de la Quimioterapia en cejas, pestañas y uñas

<h2>Efectos secundarios en las cejas</h2>
<p>En ocasiones, junto con la caída del pelo aparece una <strong>pérdida de densidad en las cejas</strong> (casi hacia el final del tratamiento),  <strong>pérdida de pestañas y alteraciones en las uñas</strong>.</p>
<p>Para recuperar la <strong>densidad de tus cejas</strong>, puedes utilizar el</p>
<p><a href="https://oncoestetica.es/cejas-y-pestanas/maquillaje-de-cejas-eyebrow10-carebell-sin-parabenos.html"><strong>Maquillaje para cejas EYEBROWS 10 de Carebell</strong></a>. No contiene parabenos.</p>
<p>Viene con varias plantillas para dibujarlas perfectamente y es resistente al agua.</p>
<p><a href="https://oncoestetica.es/cejas-y-pestanas/maquillaje-de-cejas-eyebrow10-carebell-sin-parabenos.html"><img loading="lazy" decoding="async" class="alignnone size-full wp-image-5302 aligncenter" src="https://oncoestetica.es/blog/wp-content/uploads/maquillaje-de-cejas-eyebrow10-carebell-sin-parabenos-1.jpg" alt="" width="440" height="422" srcset="https://oncoestetica.es/blog/wp-content/uploads/maquillaje-de-cejas-eyebrow10-carebell-sin-parabenos-1.jpg 440w, https://oncoestetica.es/blog/wp-content/uploads/maquillaje-de-cejas-eyebrow10-carebell-sin-parabenos-1-300x288.jpg 300w" sizes="auto, (max-width: 440px) 100vw, 440px" /></a></p>
<p>No es aconsejable el “maquillaje permanente” o micropigmentación tipo tatuaje,  por el riesgo de infección.</p>
<h2>Efectos secundarios en las pestañas</h2>
<p>Del mismo modo que las cejas, las pestañas también pueden verse afectadas. El efecto suele producirse en estados más avanzados del tratamiento. <strong>La pestaña puede verse parcial o totalmente despoblad</strong>a. Para este caso contamos con 2 soluciones personalizadas.</p>
<h2 style="text-align: center;"><span style="color: #800000;">♥</span>Pestañas adherentes sin adhesivos irritantes<span style="color: #800000;">♥</span></h2>
<h3 style="text-align: center;"><span style="color: #800000;">EYLURE PRÓTESIS DE PESTAÑAS ADHERENTES 031 NATURALS</span></h3>
<p style="text-align: center;"><a href="https://oncoestetica.es/cejas-y-pestanas/protesis-de-pestanas-postizas-adherentes-despobladas-030.html" target="_blank" rel="noopener noreferrer"><img loading="lazy" decoding="async" class="alignnone size-full wp-image-4692" src="https://oncoestetica.es/blog/wp-content/uploads/protesis-pestañas-eylure.jpg" alt="protesis pestañas eylure" width="440" height="422" srcset="https://oncoestetica.es/blog/wp-content/uploads/protesis-pestañas-eylure.jpg 440w, https://oncoestetica.es/blog/wp-content/uploads/protesis-pestañas-eylure-300x288.jpg 300w" sizes="auto, (max-width: 440px) 100vw, 440px" /></a></p>
<h3 style="text-align: center;"><span style="color: #800000;">PRÓTESIS DE PESTAÑAS ADHERENTES EYLURE 070</span></h3>
<p style="text-align: center;"><a href="https://oncoestetica.es/cejas-y-pestanas/protesis-de-pestanas-eylure-adherentes-eylure-070.html" target="_blank" rel="noopener noreferrer"><img loading="lazy" decoding="async" class="alignnone size-full wp-image-4693" src="https://oncoestetica.es/blog/wp-content/uploads/protesis-eylure.jpg" alt="protesis eylure" width="440" height="422" srcset="https://oncoestetica.es/blog/wp-content/uploads/protesis-eylure.jpg 440w, https://oncoestetica.es/blog/wp-content/uploads/protesis-eylure-300x288.jpg 300w" sizes="auto, (max-width: 440px) 100vw, 440px" /></a></p>
<p>Estas pestañas tienen un sistema de adherencia único para una <strong>fijación sin necesidad de aplicar adhesivos </strong>ni pegamentos irritantes para el ojo y la piel delicada del párpado. Son reutilizables y cuentan con un recambio para alargar su uso.</p>
<h2 style="text-align: center;"><span style="color: #800000;">Efectos secundarios en las Uñas</span></h2>
<p>En relación a las uñas, pueden aparecer bandas horizontales o verticales, detención del crecimiento, reblandecimiento o engrosamiento, etc. Recuerda que es a consecuencia del tratamiento y que es un problema reversible. Puedes prevenir estos efectos con estos dos productos:</p>
<h2 style="text-align: center;"><span style="color: #800000;">¿Tienes lesiones en las uñas?</span></h2>
<h3 style="text-align: center;">FUNGUSLESS TRATAMIENTO DE UÑAS</h3>
<p style="text-align: center;">Elimina con ingredientes naturales uñas amarillas, lesiones, hongos&#8230; Regenera una uña nueva y sana.</p>
<p style="text-align: center;"><a href="https://oncoestetica.es/unas-manos-y-pies/unas-fungusless-fragiles-hongos.html?search_query=fungus&amp;results=1&amp;cate=" target="_blank" rel="noopener noreferrer"><img loading="lazy" decoding="async" class="alignnone size-full wp-image-4694" src="https://oncoestetica.es/blog/wp-content/uploads/fungus-uñas.jpg" alt="fungus uñas" width="440" height="422" srcset="https://oncoestetica.es/blog/wp-content/uploads/fungus-uñas.jpg 440w, https://oncoestetica.es/blog/wp-content/uploads/fungus-uñas-300x288.jpg 300w" sizes="auto, (max-width: 440px) 100vw, 440px" /></a></p>
<h3 style="text-align: center;">SESDERMA LACTEMOL F NAILS &#8211; CUIDADO DE UÑAS</h3>
<p><a href="https://oncoestetica.es/unas-manos-y-pies/lactemol-f-nails-tratamiento-de-unas-debilitadas-fortalecedor.html" target="_blank" rel="attachment wp-att-311 noopener noreferrer"><img loading="lazy" decoding="async" class="aligncenter wp-image-311 size-medium" title="Lactemol F Nails para uñas" src="https://oncoestetica.es/blog/wp-content/uploads/lactemol-300x300.jpg" alt="Lactemol F Nails para uñas" width="300" height="300" srcset="https://oncoestetica.es/blog/wp-content/uploads/lactemol-300x300.jpg 300w, https://oncoestetica.es/blog/wp-content/uploads/lactemol-150x150.jpg 150w, https://oncoestetica.es/blog/wp-content/uploads/lactemol.jpg 450w" sizes="auto, (max-width: 300px) 100vw, 300px" /></a></p>
<p>No utilices corta-cutículas, cuchillas corta callos u otros utensilios que puedan producir cortes en la piel. Debes evitar en lo posible el uso de crema de esmaltes y quitaesmaltes.</p>
<h3 style="text-align: center;"><span style="color: #800000;">♥</span>¿Quieres Más Información?<span style="color: #800000;">♥</span></h3>
<h2 style="text-align: center;"><a href="https://oncoestetica.es/blog/index.php/efectos-de-la-quimioterapia-en-el-cabello/" target="_blank" rel="noopener noreferrer">⇒Efectos de la Quimioterapia en el Cabello⇐</a></h2>

<p>Efectos secundarios en las cejas En ocasiones, junto con la caída del pelo aparece una pérdida de densidad en las cejas (casi hacia el final del tratamiento),  pérdida de pestañas y alteraciones en las uñas. Para recuperar la densidad de tus cejas, puedes utilizar el Maquillaje para cejas EYEBROWS 10 de Carebell. No contiene parabenos. Viene [&hellip;]</p>
