{"id":284,"date":"2012-05-26T15:22:40","date_gmt":"2012-05-26T15:22:40","guid":{"rendered":"https:\/\/oncoestetica.es\/blog\/?page_id=284"},"modified":"2021-03-21T21:12:50","modified_gmt":"2021-03-21T20:12:50","slug":"efectos-radioterapia","status":"publish","type":"page","link":"https:\/\/oncoestetica.es\/blog\/index.php\/efectos-radioterapia\/","title":{"rendered":"Radioterapia"},"content":{"rendered":"<p>El<strong> tratamiento de radioterapia<\/strong> aplicado en cualquier parte del cuerpo, que no sea el <strong>cuero cabelludo<\/strong>, no produce <strong>alopecia<\/strong>.<\/p>\n<blockquote><p><em>Tampoco impide que <strong>el cabello empiece a crecer<\/strong>, si ya se ha finalizado con la quimioterapia.<\/em><\/p><\/blockquote>\n<p>Si por el contrario, la zona radiada es parte del cuero cabelludo, debes \u00a0saber que el cabello puede empezar a caer a los<strong> 3-4 d\u00edas desde la primera sesi\u00f3n<\/strong>.<\/p>\n<blockquote><p><em><strong>Es posible que en la zona m\u00e1s radiada, el cabello ya no vuelva crecer.<\/strong> <\/em><\/p><\/blockquote>\n<p>La aplicaci\u00f3n de \u00e9ste tratamiento da\u00f1a el fol\u00edculo piloso de forma permanente en la mayor\u00eda de los casos. Si \u00e9ste caso fuera el tuyo, piensa que <strong>existen muchas soluciones para mantener una imagen natural<\/strong>.<\/p>\n<p>Hoy por hoy, <strong>podemos sustituir el cabello perdido con una pr\u00f3tesis<\/strong> dise\u00f1ada a la medida de la alopecia, con le mismo color, corte y textura que el resto de tu cabello.<\/p>\n<p><strong>El cabello de la pr\u00f3tesis quedar\u00eda entremezclado y unificado con el resto de tu pelo<\/strong>.Tambi\u00e9n puedes optar con por complementos como <a title=\"Pa\u00f1uelos\" href=\"https:\/\/oncoestetica.es\/categoria\/gorros-y-panuelos\" target=\"_blank\" rel=\"noopener\">pa\u00f1uelos<\/a>, <a title=\"Gorros y viseras\" href=\"https:\/\/oncoestetica.es\/categoria\/gorras-viseras-y-linea-de-bano\" target=\"_blank\" rel=\"noopener\">gorros y viseras<\/a>.<\/p>\n<blockquote>\n<p style=\"text-align: center;\"><span style=\"color: #800000;\"><strong>&gt;<\/strong><\/span>Son muy c\u00f3modos y tienen unos dise\u00f1os y tejidos muy espec\u00edficos para \u00e9stos casos.<strong><span style=\"color: #800000;\">&lt;&lt;<\/span><\/strong><\/p>\n<\/blockquote>\n<p style=\"text-align: center;\"><img loading=\"lazy\" decoding=\"async\" class=\"alignnone size-full wp-image-4467\" src=\"https:\/\/oncoestetica.es\/blog\/wp-content\/uploads\/efectos-radioterapia.jpg\" alt=\"efectos radioterapia\" width=\"680\" height=\"365\" srcset=\"https:\/\/oncoestetica.es\/blog\/wp-content\/uploads\/efectos-radioterapia.jpg 680w, https:\/\/oncoestetica.es\/blog\/wp-content\/uploads\/efectos-radioterapia-300x161.jpg 300w\" sizes=\"auto, (max-width: 680px) 100vw, 680px\" \/><\/p>\n<h3 style=\"text-align: center;\"><span style=\"color: #800000;\">\u21d3<\/span>Tambi\u00e9n debes tener especial cuidado con la piel<span style=\"color: #800000;\">\u21d3<\/span><\/h3>\n<p style=\"text-align: left;\"><strong><span style=\"color: #800000;\">&#8211;<\/span><\/strong> Si est\u00e1s recibiendo este tratamiento, es fundamental <strong>seguir las instrucciones de tu m\u00e9dico<\/strong>.<\/p>\n<p style=\"text-align: left;\"><strong><span style=\"color: #800000;\">&#8211;<\/span> Los cambios en la piel<\/strong> producidos por la radioterapia <strong>se limitan s\u00f3lo a la zona radiada<\/strong>. Pueden producir alteraciones similares a una quemadura solar.<\/p>\n<p style=\"text-align: left;\"><span style=\"color: #800000;\"><strong>&#8211;<\/strong> <\/span>Suele aparecer una <strong>coloraci\u00f3n o eritema rojizo<\/strong> a las dos o tres semanas. Este cambio desaparece a los dos o tres meses de terminar el tratamiento.<\/p>\n<p style=\"text-align: left;\"><strong><span style=\"color: #800000;\">&#8211;<\/span> No frotes bajo ning\u00fan concepto la zona radiada<\/strong> si ves que aparece una pigmentaci\u00f3n m\u00e1s oscura, desaparecer\u00e1 sola con el tiempo y adem\u00e1s no es aconsejable porque podr\u00edas da\u00f1ar la piel.<\/p>\n<p style=\"text-align: left;\"><strong><span style=\"color: #800000;\">&#8211;<\/span> <\/strong>Trata de <strong>evitar collares, cadenas y el\u00e1sticos<\/strong> que puedan irritar la piel con el roce.<\/p>\n<p style=\"text-align: left;\"><span style=\"color: #800000;\"><strong>&#8211;<\/strong> <\/span>Protege tu piel del sol al menos un a\u00f1o tras el tratamiento. Y <strong>utiliza pantalla total<\/strong>.<\/p>\n<p style=\"text-align: left;\"><strong><span style=\"color: #800000;\">&#8211;<\/span> Evita la depilaci\u00f3n \u00a0de la zona radiada<\/strong>. El vello en esa zona ir\u00e1 desapareciendo poco \u00a0a poco durante el tratamiento.<\/p>\n<p style=\"text-align: left;\"><span style=\"color: #800000;\"><strong>&#8211;<\/strong><\/span> La realizaci\u00f3n de tatuajes en la zona radiada est\u00e1 desaconsejada siempre.<\/p>\n<p>TE RECOMENDAMOS PRODUCTOS FORMULADOS PARA CUIDAR TU PIEL DURANTE LA RADIOTERAPIA.<\/p>\n<p style=\"text-align: center;\"><a title=\"Cuidado corporal durante radioterapia\" href=\"https:\/\/oncoestetica.es\/categoria\/radioterapia-sativa\" target=\"_blank\" rel=\"noopener\">LA GAMA AVENA SATIVA DE COSMECLINIK ES LA M\u00c1S ID\u00d3NEA PARA \u00c9STE MOMENTO<\/a><\/p>\n<p style=\"text-align: center;\"><a href=\"https:\/\/oncoestetica.es\/categoria\/radioterapia-sativa\" target=\"_blank\" rel=\"noopener\"><img loading=\"lazy\" decoding=\"async\" class=\"alignnone size-full wp-image-4468\" src=\"https:\/\/oncoestetica.es\/blog\/wp-content\/uploads\/radioterapia-sativa.jpg\" alt=\"radioterapia sativa\" width=\"873\" height=\"260\" srcset=\"https:\/\/oncoestetica.es\/blog\/wp-content\/uploads\/radioterapia-sativa.jpg 873w, https:\/\/oncoestetica.es\/blog\/wp-content\/uploads\/radioterapia-sativa-300x89.jpg 300w, https:\/\/oncoestetica.es\/blog\/wp-content\/uploads\/radioterapia-sativa-768x229.jpg 768w\" sizes=\"auto, (max-width: 873px) 100vw, 873px\" \/><\/a><\/p>\n","protected":false},"excerpt":{"rendered":"<p>El tratamiento de radioterapia aplicado en cualquier parte del cuerpo, que no sea el cuero cabelludo, no produce alopecia. Tampoco impide que el cabello empiece a crecer, si ya se ha finalizado con la quimioterapia. Si por el contrario, la zona radiada es parte del cuero cabelludo, debes \u00a0saber que el cabello puede empezar a [&hellip;]<\/p>\n","protected":false},"author":1,"featured_media":0,"parent":0,"menu_order":0,"comment_status":"open","ping_status":"closed","template":"","meta":{"_et_pb_use_builder":"","_et_pb_old_content":"","_et_gb_content_width":"","footnotes":""},"class_list":["post-284","page","type-page","status-publish","hentry"],"_links":{"self":[{"href":"https:\/\/oncoestetica.es\/blog\/index.php\/wp-json\/wp\/v2\/pages\/284","targetHints":{"allow":["GET"]}}],"collection":[{"href":"https:\/\/oncoestetica.es\/blog\/index.php\/wp-json\/wp\/v2\/pages"}],"about":[{"href":"https:\/\/oncoestetica.es\/blog\/index.php\/wp-json\/wp\/v2\/types\/page"}],"author":[{"embeddable":true,"href":"https:\/\/oncoestetica.es\/blog\/index.php\/wp-json\/wp\/v2\/users\/1"}],"replies":[{"embeddable":true,"href":"https:\/\/oncoestetica.es\/blog\/index.php\/wp-json\/wp\/v2\/comments?post=284"}],"version-history":[{"count":14,"href":"https:\/\/oncoestetica.es\/blog\/index.php\/wp-json\/wp\/v2\/pages\/284\/revisions"}],"predecessor-version":[{"id":5725,"href":"https:\/\/oncoestetica.es\/blog\/index.php\/wp-json\/wp\/v2\/pages\/284\/revisions\/5725"}],"wp:attachment":[{"href":"https:\/\/oncoestetica.es\/blog\/index.php\/wp-json\/wp\/v2\/media?parent=284"}],"curies":[{"name":"wp","href":"https:\/\/api.w.org\/{rel}","templated":true}]}}