{"id":4407,"date":"2017-03-07T11:50:33","date_gmt":"2017-03-07T10:50:33","guid":{"rendered":"https:\/\/oncoestetica.es\/blog\/?page_id=4407"},"modified":"2017-03-07T11:51:03","modified_gmt":"2017-03-07T10:51:03","slug":"alopecia-areata-consejos","status":"publish","type":"page","link":"https:\/\/oncoestetica.es\/blog\/index.php\/alopecia-areata-consejos\/","title":{"rendered":"Alopecia Areata"},"content":{"rendered":"<p>La<strong> alopecia areata<\/strong> es una afecci\u00f3n del fol\u00edculo piloso que se manifiesta por primera vez con la p\u00e9rdida r\u00e1pida del cabello en zonas reducidas o \u201cplacas\u201d y que puede variar de tama\u00f1o.<\/p>\n<p>Estas <strong>alopecias<\/strong>, pueden manifestarse con tama\u00f1os que var\u00edan seg\u00fan el caso (desde 1cm hasta 4-5cm) Su evoluci\u00f3n es incierta, como tambi\u00e9n lo es su origen.<\/p>\n<p>Parece que la idea m\u00e1s extendida es que esta<strong> alopecia es debida a un problema autoinmune<\/strong>, pero las causas tambi\u00e9n pueden ser producidas por el estr\u00e9s, estado nervioso continuado, shock emocional, problemas familiares, de salud, etc&#8230;<\/p>\n<blockquote><p><span style=\"color: #800000;\"><em>Es importante acompa\u00f1ar el t<strong>ratamiento dermatol\u00f3gico<\/strong> con <strong>ayuda psicol\u00f3gica<\/strong> para poder sobrellevar esta <strong>p\u00e9rdida repentina del cabello<\/strong>.<\/em><\/span><\/p><\/blockquote>\n<p>La <strong>ayuda psicol\u00f3gica<\/strong> es muy importante, ya que si es causada por nuestro estado emocional, el psic\u00f3logo nos puede dar las pautas para superar el problema que la causa. Por otra parte, si el origen es desconocido tambi\u00e9n nos ayudar\u00e1 a sobrellevar esta <strong>p\u00e9rdida repentina del cabello<\/strong>.<\/p>\n<p>En una fase inicial de la<strong> alopecia areata<\/strong>, las posibilidades de recuperaci\u00f3n son mayores que si es un caso m\u00e1s antiguo. Por eso, debemos ponernos r\u00e1pidamente manos a la obra.<\/p>\n<p>En algunos casos, la <strong>alopecia areata<\/strong> crece y se pierde en su <strong>totalidad el cabello<\/strong> de toda la cabeza y en otros casos (<em><span style=\"color: #800000;\">poco frecuentes<\/span><\/em>) tambi\u00e9n se puede <strong>perder el cabello o vello en todo el cuerpo<\/strong>, incluidas cejas y pesta\u00f1as.<\/p>\n<p>Para <strong>recuperar la autoestima<\/strong> y solucionar estos <strong>problemas est\u00e9ticos<\/strong> podemos hacer uso de productos y complementos adecuados.<\/p>\n<p>El <strong>uso de pelucas<\/strong>, \u00a0har\u00e1 que nos veamos con una mejor imagen, y ayudar\u00e1 a que \u00e9sta situaci\u00f3n, afecte minimamente a nuestras r<strong>elaciones sociales o familiares<\/strong>.<\/p>\n<p><a href=\"https:\/\/oncoestetica.es\/estilos-medios\/pelucas-raquel-welch-alopecia-quimioterapia-media-microfibra-natural.html\" target=\"_blank\"><img loading=\"lazy\" decoding=\"async\" class=\"size-full wp-image-4408 aligncenter\" src=\"https:\/\/oncoestetica.es\/blog\/wp-content\/uploads\/pelucas-oncologicas-2.jpg\" alt=\"pelucas oncologicas\" width=\"440\" height=\"422\" srcset=\"https:\/\/oncoestetica.es\/blog\/wp-content\/uploads\/pelucas-oncologicas-2.jpg 440w, https:\/\/oncoestetica.es\/blog\/wp-content\/uploads\/pelucas-oncologicas-2-300x288.jpg 300w\" sizes=\"auto, (max-width: 440px) 100vw, 440px\" \/><\/a><\/p>\n<p>Con respecto a las <strong>cejas y pesta\u00f1as<\/strong>, existen diversos productos que se pueden adaptar a nuestras necesidades en funci\u00f3n del momento. Por ello, los productos m\u00e1s adecuados , depender\u00e1n de si hemos perdido el<strong> pelo en las cejas<\/strong> deforma difusa o total.<\/p>\n<h3 style=\"text-align: center;\"><strong><span style=\"color: #800000;\">\u21d2<\/span><\/strong><a title=\"ALOPECIA AREATA, PERDIDA TOTAL DE LAS CEJAS.\" href=\"https:\/\/oncoestetica.es\/blog\/?s=areata+cejas\" target=\"_blank\" rel=\"bookmark\">ALOPECIA AREATA, PERDIDA TOTAL DE LAS CEJAS<\/a><span style=\"color: #800000;\"><strong>\u21d0<\/strong><\/span><\/h3>\n","protected":false},"excerpt":{"rendered":"<p>La alopecia areata es una afecci\u00f3n del fol\u00edculo piloso que se manifiesta por primera vez con la p\u00e9rdida r\u00e1pida del cabello en zonas reducidas o \u201cplacas\u201d y que puede variar de tama\u00f1o. Estas alopecias, pueden manifestarse con tama\u00f1os que var\u00edan seg\u00fan el caso (desde 1cm hasta 4-5cm) Su evoluci\u00f3n es incierta, como tambi\u00e9n lo es [&hellip;]<\/p>\n","protected":false},"author":1,"featured_media":4409,"parent":0,"menu_order":0,"comment_status":"closed","ping_status":"closed","template":"","meta":{"_et_pb_use_builder":"","_et_pb_old_content":"","_et_gb_content_width":"","footnotes":""},"class_list":["post-4407","page","type-page","status-publish","has-post-thumbnail","hentry"],"_links":{"self":[{"href":"https:\/\/oncoestetica.es\/blog\/index.php\/wp-json\/wp\/v2\/pages\/4407","targetHints":{"allow":["GET"]}}],"collection":[{"href":"https:\/\/oncoestetica.es\/blog\/index.php\/wp-json\/wp\/v2\/pages"}],"about":[{"href":"https:\/\/oncoestetica.es\/blog\/index.php\/wp-json\/wp\/v2\/types\/page"}],"author":[{"embeddable":true,"href":"https:\/\/oncoestetica.es\/blog\/index.php\/wp-json\/wp\/v2\/users\/1"}],"replies":[{"embeddable":true,"href":"https:\/\/oncoestetica.es\/blog\/index.php\/wp-json\/wp\/v2\/comments?post=4407"}],"version-history":[{"count":2,"href":"https:\/\/oncoestetica.es\/blog\/index.php\/wp-json\/wp\/v2\/pages\/4407\/revisions"}],"predecessor-version":[{"id":4411,"href":"https:\/\/oncoestetica.es\/blog\/index.php\/wp-json\/wp\/v2\/pages\/4407\/revisions\/4411"}],"wp:featuredmedia":[{"embeddable":true,"href":"https:\/\/oncoestetica.es\/blog\/index.php\/wp-json\/wp\/v2\/media\/4409"}],"wp:attachment":[{"href":"https:\/\/oncoestetica.es\/blog\/index.php\/wp-json\/wp\/v2\/media?parent=4407"}],"curies":[{"name":"wp","href":"https:\/\/api.w.org\/{rel}","templated":true}]}}

<p>La<strong> alopecia areata</strong> es una afección del folículo piloso que se manifiesta por primera vez con la pérdida rápida del cabello en zonas reducidas o “placas” y que puede variar de tamaño.</p>
<p>Estas <strong>alopecias</strong>, pueden manifestarse con tamaños que varían según el caso (desde 1cm hasta 4-5cm) Su evolución es incierta, como también lo es su origen.</p>
<p>Parece que la idea más extendida es que esta<strong> alopecia es debida a un problema autoinmune</strong>, pero las causas también pueden ser producidas por el estrés, estado nervioso continuado, shock emocional, problemas familiares, de salud, etc&#8230;</p>
<blockquote><p><span style="color: #800000;"><em>Es importante acompañar el t<strong>ratamiento dermatológico</strong> con <strong>ayuda psicológica</strong> para poder sobrellevar esta <strong>pérdida repentina del cabello</strong>.</em></span></p></blockquote>
<p>La <strong>ayuda psicológica</strong> es muy importante, ya que si es causada por nuestro estado emocional, el psicólogo nos puede dar las pautas para superar el problema que la causa. Por otra parte, si el origen es desconocido también nos ayudará a sobrellevar esta <strong>pérdida repentina del cabello</strong>.</p>
<p>En una fase inicial de la<strong> alopecia areata</strong>, las posibilidades de recuperación son mayores que si es un caso más antiguo. Por eso, debemos ponernos rápidamente manos a la obra.</p>
<p>En algunos casos, la <strong>alopecia areata</strong> crece y se pierde en su <strong>totalidad el cabello</strong> de toda la cabeza y en otros casos (<em><span style="color: #800000;">poco frecuentes</span></em>) también se puede <strong>perder el cabello o vello en todo el cuerpo</strong>, incluidas cejas y pestañas.</p>
<p>Para <strong>recuperar la autoestima</strong> y solucionar estos <strong>problemas estéticos</strong> podemos hacer uso de productos y complementos adecuados.</p>
<p>El <strong>uso de pelucas</strong>,  hará que nos veamos con una mejor imagen, y ayudará a que ésta situación, afecte minimamente a nuestras r<strong>elaciones sociales o familiares</strong>.</p>
<p><a href="https://oncoestetica.es/estilos-medios/pelucas-raquel-welch-alopecia-quimioterapia-media-microfibra-natural.html" target="_blank"><img loading="lazy" decoding="async" class="size-full wp-image-4408 aligncenter" src="https://oncoestetica.es/blog/wp-content/uploads/pelucas-oncologicas-2.jpg" alt="pelucas oncologicas" width="440" height="422" srcset="https://oncoestetica.es/blog/wp-content/uploads/pelucas-oncologicas-2.jpg 440w, https://oncoestetica.es/blog/wp-content/uploads/pelucas-oncologicas-2-300x288.jpg 300w" sizes="auto, (max-width: 440px) 100vw, 440px" /></a></p>
<p>Con respecto a las <strong>cejas y pestañas</strong>, existen diversos productos que se pueden adaptar a nuestras necesidades en función del momento. Por ello, los productos más adecuados , dependerán de si hemos perdido el<strong> pelo en las cejas</strong> deforma difusa o total.</p>
<h3 style="text-align: center;"><strong><span style="color: #800000;">⇒</span></strong><a title="ALOPECIA AREATA, PERDIDA TOTAL DE LAS CEJAS." href="https://oncoestetica.es/blog/?s=areata+cejas" target="_blank" rel="bookmark">ALOPECIA AREATA, PERDIDA TOTAL DE LAS CEJAS</a><span style="color: #800000;"><strong>⇐</strong></span></h3>

<p>La alopecia areata es una afección del folículo piloso que se manifiesta por primera vez con la pérdida rápida del cabello en zonas reducidas o “placas” y que puede variar de tamaño. Estas alopecias, pueden manifestarse con tamaños que varían según el caso (desde 1cm hasta 4-5cm) Su evolución es incierta, como también lo es [&hellip;]</p>
