{"id":4591,"date":"2017-05-15T14:58:36","date_gmt":"2017-05-15T12:58:36","guid":{"rendered":"https:\/\/oncoestetica.es\/blog\/?page_id=4591"},"modified":"2017-05-15T15:57:14","modified_gmt":"2017-05-15T13:57:14","slug":"radioterapia-seno","status":"publish","type":"page","link":"https:\/\/oncoestetica.es\/blog\/index.php\/radioterapia-seno\/","title":{"rendered":"Radioterapia Seno."},"content":{"rendered":"<p>Si vas a recibir <strong>radioterapia en la mama<\/strong> debes\u00a0 tener un especial <strong>cuidado con la piel<\/strong>:<\/p>\n<p>Los<strong> cambios en la piel<\/strong> producidos por la radioterapia se limitan s\u00f3lo a la <strong>zona irradiada<\/strong>, pero tambi\u00e9n pueden afectar a zonas circundantes. Hay que pensar que la <strong>radioterapia<\/strong>, en la mayor\u00eda de los casos se aplica <strong>despu\u00e9s de la quimioterapia<\/strong> y la piel ya se presenta m\u00e1s seca y sensible.<\/p>\n<p>Por eso, se pueden producir alteraciones similares a una <strong>quemadura solar<\/strong>. Suele aparecer a partir de las dos semanas de aplicaci\u00f3n.<\/p>\n<blockquote><p><span style=\"color: #800000;\"><em>Las sesiones son diarias, por lo que no da tiempo a la recuperaci\u00f3n celular. <\/em><\/span><\/p><\/blockquote>\n<p>La<strong> radioterapia<\/strong> se aplica para destruir las c\u00e9lulas tumorales, pero tambi\u00e9n da\u00f1a las c\u00e9lulas sanas, por lo que aparecen efectos secundarios.<\/p>\n<p>Estos efectos suelen ser una <strong>coloraci\u00f3n o eritema rojizo<\/strong>, picor y oscurecimiento de la zona a las dos o tres semanas. Este cambio desaparece a los dos o tres meses de terminar el tratamiento.<\/p>\n<p style=\"text-align: center;\"><img loading=\"lazy\" decoding=\"async\" class=\"alignnone size-full wp-image-4607\" src=\"https:\/\/oncoestetica.es\/blog\/wp-content\/uploads\/radioterapia-en-senos.jpg\" alt=\"radioterapia en senos\" width=\"900\" height=\"600\" srcset=\"https:\/\/oncoestetica.es\/blog\/wp-content\/uploads\/radioterapia-en-senos.jpg 900w, https:\/\/oncoestetica.es\/blog\/wp-content\/uploads\/radioterapia-en-senos-300x200.jpg 300w, https:\/\/oncoestetica.es\/blog\/wp-content\/uploads\/radioterapia-en-senos-768x512.jpg 768w\" sizes=\"auto, (max-width: 900px) 100vw, 900px\" \/><\/p>\n<h3 style=\"text-align: center;\"><span style=\"color: #800000;\">CUIDADOS DE LA PIEL EN RADIOTERAPIA<\/span><\/h3>\n<p><strong><span style=\"color: #800000;\">&#8211;<\/span> <\/strong>Para prevenir estos efectos debemos empezar a cuidar la piel desde el inicio del tratamiento con un gel suave e hidratante sin tensioactivos agresivos, o Sles.<\/p>\n<p><strong><span style=\"color: #800000;\">&#8211;<\/span> <\/strong>El tratamiento preventivo ayudar\u00e1 a evitar efectos mayores una vez empezada la radioterapia.<\/p>\n<p><strong><span style=\"color: #800000;\">&#8211;<\/span><\/strong> Paso 1: gel de ducha + crema hidratante corporal con avena EMULSION SOFT DE COSMECLINIK.<\/p>\n<p style=\"text-align: center;\">\u2665<span style=\"color: #800000;\">GEL AVENA SATIVA DE COSMECLINIK E5<\/span>\u2665<\/p>\n<p><a href=\"https:\/\/oncoestetica.es\/radioterapia-sativa\/gel-ducha-cosmeclinik-syndet-radioterapia-pieles-sensibles-quimioterapia.html\" target=\"_blank\" rel=\"noopener noreferrer\"><img loading=\"lazy\" decoding=\"async\" class=\"size-full wp-image-4592 aligncenter\" src=\"https:\/\/oncoestetica.es\/blog\/wp-content\/uploads\/radioterapia-seno-sativa.jpg\" alt=\"radioterapia seno sativa\" width=\"440\" height=\"422\" srcset=\"https:\/\/oncoestetica.es\/blog\/wp-content\/uploads\/radioterapia-seno-sativa.jpg 440w, https:\/\/oncoestetica.es\/blog\/wp-content\/uploads\/radioterapia-seno-sativa-300x288.jpg 300w\" sizes=\"auto, (max-width: 440px) 100vw, 440px\" \/><\/a><\/p>\n<p>&nbsp;<\/p>\n<p style=\"text-align: center;\">\u2665<span style=\"color: #800000;\">EMULSION SOF DE COSMECLINIK<\/span>\u2665<\/p>\n<p><a href=\"https:\/\/oncoestetica.es\/radioterapia-sativa\/sativa-soft-cosmeclinik-radioterapia.html\" target=\"_blank\" rel=\"noopener noreferrer\"><img loading=\"lazy\" decoding=\"async\" class=\"alignnone size-full wp-image-4593 aligncenter\" src=\"https:\/\/oncoestetica.es\/blog\/wp-content\/uploads\/radioterapia-seno-sativa-soft.jpg\" alt=\"radioterapia seno sativa soft\" width=\"440\" height=\"422\" srcset=\"https:\/\/oncoestetica.es\/blog\/wp-content\/uploads\/radioterapia-seno-sativa-soft.jpg 440w, https:\/\/oncoestetica.es\/blog\/wp-content\/uploads\/radioterapia-seno-sativa-soft-300x288.jpg 300w\" sizes=\"auto, (max-width: 440px) 100vw, 440px\" \/><\/a><\/p>\n<p>&nbsp;<\/p>\n<p><strong>Un mes antes de iniciar la radioterapia<\/strong>, comenzar a aplicar en la zona de la mama y en la axila la crema M-TEX DE COSMECLINIK:<\/p>\n<p><a href=\"https:\/\/oncoestetica.es\/radioterapia-sativa\/sativa-mtex-cosmeclinik-senos-radioterpia.html\" target=\"_blank\" rel=\"noopener noreferrer\"><img loading=\"lazy\" decoding=\"async\" class=\"alignnone size-full wp-image-4603 aligncenter\" src=\"https:\/\/oncoestetica.es\/blog\/wp-content\/uploads\/sativa-radioterapia-seno.jpg\" alt=\"sativa radioterapia seno\" width=\"440\" height=\"422\" srcset=\"https:\/\/oncoestetica.es\/blog\/wp-content\/uploads\/sativa-radioterapia-seno.jpg 440w, https:\/\/oncoestetica.es\/blog\/wp-content\/uploads\/sativa-radioterapia-seno-300x288.jpg 300w\" sizes=\"auto, (max-width: 440px) 100vw, 440px\" \/><\/a><\/p>\n<h3 style=\"text-align: center;\">\u00bfPor qu\u00e9 es la crema m\u00e1s recomendada por los radi\u00f3logos?<\/h3>\n<p style=\"text-align: center;\"><span style=\"color: #800000;\"><strong>M-TEX DE COSMECLINIK<\/strong> CONTIENE <strong>T-XOE<\/strong><\/span><\/p>\n<p><span style=\"color: #800000;\"><strong>TEX-OE:<\/strong><\/span> Novedoso ingrediente extra\u00eddo del Opuntia Ficus Indica, que act\u00faa aumentando la velocidad de s\u00edntesis de las H.S.P., conocidas como prote\u00ednas de estr\u00e9s, responsables de reparar el da\u00f1o celular ocasionado por la exposici\u00f3n a tratamientos agresivos.<\/p>\n<p><span style=\"color: #800000;\"><strong>ALOE VERA:<\/strong><\/span> Posee propiedades hidratantes, refrescantes y calmantes, proporcionando un alivio r\u00e1pido a las pieles congestionadas.<\/p>\n<p><span style=\"color: #800000;\"><strong>VITAMINA E:<\/strong><\/span> Previene la formaci\u00f3n de eritemas, reduce la inflamaci\u00f3n y la permeabilidad vascular e incrementa notablemente el nivel de hidrataci\u00f3n cut\u00e1neo.<\/p>\n<p><span style=\"color: #800000;\"><strong>ALPHA BISABOLOL:<\/strong> <\/span>Importante acci\u00f3n antiinflamatoria, antiflog\u00edstica e inhibidora del eritema.<\/p>\n<p><span style=\"color: #800000;\"><strong>MANTECA DE KARITE:<\/strong> <\/span>Cuida y suaviza la piel ayud\u00e1ndola a protegerse de las irritaciones superficiales de la piel.<\/p>\n<p><span style=\"color: #800000;\"><strong>HIALURONATO DE SODIO:<\/strong> <\/span>Aporta hidrataci\u00f3n, suavidad y elasticidad a la piel.<\/p>\n<p>Continuar con aplicaci\u00f3n diaria <strong>durante el tratamiento<\/strong>. Dos veces al d\u00eda es lo m\u00e1s adecuado.<\/p>\n<blockquote><p><span style=\"color: #800000;\"><em>NO APLICAR NING\u00daN PRODUCTO DOS HORAS ANTES E LA SESI\u00d3N. APLICAR LA CREMA DESPU\u00c9S DE LA SESI\u00d3N.<\/em><\/span><\/p><\/blockquote>\n<p>Para mejorar el efecto y asegurarnos de una completa regeneraci\u00f3n de la piel, seguir aplicando la crema <strong>M-TEX DE COSMECLINIK<\/strong> durante al menos 1 mes despu\u00e9s de acabar las sesiones o incluso m\u00e1s.<\/p>\n<p><img loading=\"lazy\" decoding=\"async\" class=\"aligncenter wp-image-4596 size-full\" src=\"https:\/\/oncoestetica.es\/blog\/wp-content\/uploads\/cuidados-radioterapia-seno.jpg\" alt=\"cuidados radioterapia seno\" width=\"900\" height=\"600\" srcset=\"https:\/\/oncoestetica.es\/blog\/wp-content\/uploads\/cuidados-radioterapia-seno.jpg 900w, https:\/\/oncoestetica.es\/blog\/wp-content\/uploads\/cuidados-radioterapia-seno-300x200.jpg 300w, https:\/\/oncoestetica.es\/blog\/wp-content\/uploads\/cuidados-radioterapia-seno-768x512.jpg 768w\" sizes=\"auto, (max-width: 900px) 100vw, 900px\" \/><\/p>\n<h3 style=\"text-align: center;\"><span style=\"color: #800000;\">\u21d3<\/span>CUIDADOS INDISPENSABLES RADIOTERAPIA<span style=\"color: #800000;\">\u21d3<\/span><\/h3>\n<p style=\"text-align: left;\"><strong><span style=\"color: #800000;\">&#8211;<\/span> <\/strong>No deben frotar bajo ning\u00fan concepto la zona irradiada, sobre todo, si ven que aparece una pigmentaci\u00f3n m\u00e1s oscura, esta pigmentaci\u00f3n desaparecer\u00e1 sola con el tiempo y adem\u00e1s es desaconsejable porque podr\u00edan da\u00f1ar la piel.<\/p>\n<p style=\"text-align: left;\"><strong><span style=\"color: #800000;\">&#8211;<\/span><\/strong> Tratar de evitar collares, cadenas y el\u00e1sticos que puedan irritar la piel con el roce.<\/p>\n<p style=\"text-align: left;\"><strong><span style=\"color: #800000;\">&#8211;<\/span> <\/strong>Proteger la piel del sol al menos un a\u00f1o tras el tratamiento. Y utilizar pantalla total.<\/p>\n<p style=\"text-align: left;\"><span style=\"color: #800000;\"><strong>&#8211;<\/strong> <\/span>Evitar la depilaci\u00f3n de la zona irradiada. El vello en esa zona ir\u00e1 desapareciendo poco a poco durante el tratamiento.<\/p>\n<p style=\"text-align: left;\"><strong><span style=\"color: #800000;\">&#8211;<\/span> <\/strong>La realizaci\u00f3n de tatuajes en la zona irradiada est\u00e1 desaconsejada siempre.<\/p>\n<p style=\"text-align: left;\"><strong><span style=\"color: #800000;\">&#8211;<\/span><\/strong> No usar perfumes.<\/p>\n<p style=\"text-align: left;\"><span style=\"color: #800000;\">&#8211;<\/span> No aplicar vendas ni esparadrapos.<\/p>\n<p style=\"text-align: left;\"><strong><span style=\"color: #800000;\">&#8211;<\/span> <\/strong>No aplicar hielo o calor.<\/p>\n<p style=\"text-align: left;\"><span style=\"color: #800000;\"><strong>&#8211;<\/strong> <\/span>No ba\u00f1arse en piscinas, agua salada, lagos&#8230; Le recomendaremos productos formulados para cuidar su piel durante la radioterapia.<\/p>\n<blockquote>\n<p style=\"text-align: center;\"><em>La gama<strong> Avena Sativa de Cosmeclinik<\/strong> u <strong>ONC Dermology<\/strong> son las m\u00e1s id\u00f3neas para este momento.<\/em><\/p>\n<\/blockquote>\n<h3 style=\"text-align: center;\">\u21d3Recuerda\u21d3<\/h3>\n<h2 style=\"text-align: center;\"><span style=\"color: #800000;\">\u2665<\/span>Verte bien es Importante<span style=\"color: #800000;\">\u2665<\/span><\/h2>\n<p style=\"text-align: left;\">\n","protected":false},"excerpt":{"rendered":"<p>Si vas a recibir radioterapia en la mama debes\u00a0 tener un especial cuidado con la piel: Los cambios en la piel producidos por la radioterapia se limitan s\u00f3lo a la zona irradiada, pero tambi\u00e9n pueden afectar a zonas circundantes. Hay que pensar que la radioterapia, en la mayor\u00eda de los casos se aplica despu\u00e9s de [&hellip;]<\/p>\n","protected":false},"author":1,"featured_media":4595,"parent":0,"menu_order":0,"comment_status":"closed","ping_status":"closed","template":"","meta":{"_et_pb_use_builder":"","_et_pb_old_content":"","_et_gb_content_width":"","footnotes":""},"class_list":["post-4591","page","type-page","status-publish","has-post-thumbnail","hentry"],"_links":{"self":[{"href":"https:\/\/oncoestetica.es\/blog\/index.php\/wp-json\/wp\/v2\/pages\/4591","targetHints":{"allow":["GET"]}}],"collection":[{"href":"https:\/\/oncoestetica.es\/blog\/index.php\/wp-json\/wp\/v2\/pages"}],"about":[{"href":"https:\/\/oncoestetica.es\/blog\/index.php\/wp-json\/wp\/v2\/types\/page"}],"author":[{"embeddable":true,"href":"https:\/\/oncoestetica.es\/blog\/index.php\/wp-json\/wp\/v2\/users\/1"}],"replies":[{"embeddable":true,"href":"https:\/\/oncoestetica.es\/blog\/index.php\/wp-json\/wp\/v2\/comments?post=4591"}],"version-history":[{"count":8,"href":"https:\/\/oncoestetica.es\/blog\/index.php\/wp-json\/wp\/v2\/pages\/4591\/revisions"}],"predecessor-version":[{"id":4608,"href":"https:\/\/oncoestetica.es\/blog\/index.php\/wp-json\/wp\/v2\/pages\/4591\/revisions\/4608"}],"wp:featuredmedia":[{"embeddable":true,"href":"https:\/\/oncoestetica.es\/blog\/index.php\/wp-json\/wp\/v2\/media\/4595"}],"wp:attachment":[{"href":"https:\/\/oncoestetica.es\/blog\/index.php\/wp-json\/wp\/v2\/media?parent=4591"}],"curies":[{"name":"wp","href":"https:\/\/api.w.org\/{rel}","templated":true}]}}