{"id":4609,"date":"2017-05-17T12:32:49","date_gmt":"2017-05-17T10:32:49","guid":{"rendered":"https:\/\/oncoestetica.es\/blog\/?page_id=4609"},"modified":"2020-10-06T17:02:50","modified_gmt":"2020-10-06T15:02:50","slug":"radioterapia-en-cabeza-cuello-abdomen-y-torax","status":"publish","type":"page","link":"https:\/\/oncoestetica.es\/blog\/index.php\/radioterapia-en-cabeza-cuello-abdomen-y-torax\/","title":{"rendered":"Radioterapia en Cabeza, Cuello-Abdomen y T\u00f3rax."},"content":{"rendered":"<p>En la <strong>radioterapia<\/strong> aplicada en las zonas de la <strong>cabeza, cuello, abdomen o t\u00f3rax<\/strong>, los cuidados generales son los mismos que en otras zonas, por lo que debes tener en cuenta <strong>una serie de precauciones<\/strong>.<\/p>\n<p><img loading=\"lazy\" decoding=\"async\" class=\"size-full wp-image-4626 aligncenter\" src=\"https:\/\/oncoestetica.es\/blog\/wp-content\/uploads\/precauciones-radioterapia.jpg\" alt=\"precauciones radioterapia\" width=\"338\" height=\"270\" srcset=\"https:\/\/oncoestetica.es\/blog\/wp-content\/uploads\/precauciones-radioterapia.jpg 338w, https:\/\/oncoestetica.es\/blog\/wp-content\/uploads\/precauciones-radioterapia-300x240.jpg 300w\" sizes=\"auto, (max-width: 338px) 100vw, 338px\" \/><\/p>\n<p>Durante el<strong> tratamiento radioter\u00e1pico<\/strong>, suele aparecer dermatitis aguda de intensidad variable que puede ser muy molesta para la paciente y puede ser motivo, en alg\u00fan caso, de interrupci\u00f3n del tratamiento con el consiguiente detrimento en el<strong> control de la enfermedad<\/strong>.<\/p>\n<p>El <strong>eritema<\/strong> puede aparecer a las 24 h de iniciarse la primera dosis, aunque es m\u00e1s frecuente a partir de la 2\u00aa -3\u00aa semana.<\/p>\n<p><strong>Otros s\u00edntomas<\/strong> que pueden aparecer son prurito, descamaci\u00f3n, trastornos de la pigmentaci\u00f3n de la zona, y en los casos m\u00e1s graves pueden aparecer lesiones m\u00e1s severas. Tambi\u00e9n puede asociarse dolor.<\/p>\n<p><img loading=\"lazy\" decoding=\"async\" class=\"alignnone size-full wp-image-4624\" src=\"https:\/\/oncoestetica.es\/blog\/wp-content\/uploads\/cuidados-radioterapia-piel.jpg\" alt=\"cuidados radioterapia piel\" width=\"694\" height=\"320\" srcset=\"https:\/\/oncoestetica.es\/blog\/wp-content\/uploads\/cuidados-radioterapia-piel.jpg 694w, https:\/\/oncoestetica.es\/blog\/wp-content\/uploads\/cuidados-radioterapia-piel-300x138.jpg 300w\" sizes=\"auto, (max-width: 694px) 100vw, 694px\" \/><\/p>\n<p>Los<strong> cambios en la piel<\/strong> producidos por la radioterapia se limitan s\u00f3lo a la <strong>zona irradiada<\/strong>, pero tambi\u00e9n pueden afectar a zonas circundantes.<\/p>\n<p><span style=\"color: #800000;\"><strong>\u2013<\/strong><\/span> Se pueden producir alteraciones similares a una quemadura solar.<\/p>\n<p><strong><span style=\"color: #800000;\">\u2013<\/span> <\/strong>Suele aparecer a partir de las dos semanas de aplicaci\u00f3n.<\/p>\n<p><strong><span style=\"color: #800000;\">\u2013<\/span><\/strong> Las sesiones son diarias, por lo que no da tiempo a la recuperaci\u00f3n celular.<\/p>\n<p><strong><span style=\"color: #800000;\">\u2013<\/span><\/strong> La radioterapia se aplica para destruir las c\u00e9lulas tumorales, pero tambi\u00e9n da\u00f1a las c\u00e9lulas sanas, por lo que aparecen algunos efectos y molestias tambi\u00e9n a nivel superficial.<\/p>\n<p><strong><span style=\"color: #800000;\">\u2013<\/span><\/strong> Estos efectos suelen ser una coloraci\u00f3n o eritema rojizo, picor y oscurecimiento de la zona a las dos o tres semanas. Este cambio desaparece a los dos o tres meses de terminar el tratamiento.<\/p>\n<p><strong>La aplicaci\u00f3n de radioterapia<\/strong> en la cabeza produce p\u00e9rdida de cabello en la zona tratada. El cabello comienza a caer pasados<strong> 3-4 d\u00edas<\/strong>. La recuperaci\u00f3n de <strong>cabello en la zona irradiada<\/strong> depende de las sesiones aplicadas y de la intensidad de las mismas. Una vez terminadas las sesiones hay que esperar y ver el resultado y la<strong> recuperaci\u00f3n total de la zona<\/strong>.<\/p>\n<blockquote><p><em><strong>APLICA PRODUCTOS ESPEC\u00cdFICOS<\/strong> DESDE EL INICIO DEL TRATAMIENTO, NO ESPERES A COMENZAR LA RADIO.<\/em><\/p><\/blockquote>\n<p>Las <strong>sesiones de radioterapia<\/strong> son diarias, por lo que no hay teimpo de las c\u00e9lculas de la piel se recuepren de un dia para otro. La piel se reseca mucho y se irrita. Esto puede minimzarse si haces lo siguiente:<\/p>\n<p>Utiliza <strong>geles de ducha espec\u00edficos<\/strong>. Protege e hidrata tu piel y no le quites sus defensas naturales.<\/p>\n<h3 style=\"text-align: center;\"><span style=\"color: #800000;\"><span style=\"color: #000000;\">\u21d3<\/span>GEL DE DUCHA SATIVA SYNDET E5<span style=\"color: #000000;\">\u21d3<\/span><\/span><\/h3>\n<p><a href=\"https:\/\/oncoestetica.es\/radioterapia-sativa\/gel-ducha-cosmeclinik-syndet-radioterapia-pieles-sensibles-quimioterapia.html\" target=\"_blank\" rel=\"noopener noreferrer\"><img loading=\"lazy\" decoding=\"async\" class=\"aligncenter wp-image-4610 size-full\" src=\"https:\/\/oncoestetica.es\/blog\/wp-content\/uploads\/gel-radioterapia.jpg\" alt=\"gel radioterapia\" width=\"440\" height=\"422\" srcset=\"https:\/\/oncoestetica.es\/blog\/wp-content\/uploads\/gel-radioterapia.jpg 440w, https:\/\/oncoestetica.es\/blog\/wp-content\/uploads\/gel-radioterapia-300x288.jpg 300w\" sizes=\"auto, (max-width: 440px) 100vw, 440px\" \/><\/a><\/p>\n<h3 style=\"text-align: center;\"><span style=\"color: #800000;\"><span style=\"color: #000000;\">\u21d3<\/span>CHAMP\u00da Y GEL DE DUCHA ONC SHOWER GEL<span style=\"color: #000000;\">\u21d3<\/span><\/span><\/h3>\n<p><a href=\"https:\/\/oncoestetica.es\/cosmetica-saludable\/onc-shower-gel-de-ducha-y-cabello.html\" target=\"_blank\" rel=\"noopener noreferrer\"><img loading=\"lazy\" decoding=\"async\" class=\"aligncenter wp-image-4611 size-full\" src=\"https:\/\/oncoestetica.es\/blog\/wp-content\/uploads\/onc-shower-gel.jpg\" alt=\"onc shower gel\" width=\"440\" height=\"422\" srcset=\"https:\/\/oncoestetica.es\/blog\/wp-content\/uploads\/onc-shower-gel.jpg 440w, https:\/\/oncoestetica.es\/blog\/wp-content\/uploads\/onc-shower-gel-300x288.jpg 300w\" sizes=\"auto, (max-width: 440px) 100vw, 440px\" \/><\/a><\/p>\n<p>Despu\u00e9s de la ducha, aplicar una hidrataci\u00f3n adecuada con:<\/p>\n<h3 style=\"text-align: center;\"><span style=\"color: #800000;\"><span style=\"color: #000000;\">\u21d3<\/span>SATIVA SOFT EMULSION HIDRATANTE<span style=\"color: #000000;\">\u21d3<\/span><\/span><\/h3>\n<p><a href=\"https:\/\/oncoestetica.es\/radioterapia-sativa\/sativa-soft-cosmeclinik-radioterapia.html\" target=\"_blank\" rel=\"noopener noreferrer\"><img loading=\"lazy\" decoding=\"async\" class=\"size-full wp-image-4612 aligncenter\" src=\"https:\/\/oncoestetica.es\/blog\/wp-content\/uploads\/emulsion-corporal-hidratante.jpg\" alt=\"emulsion corporal hidratante\" width=\"440\" height=\"422\" srcset=\"https:\/\/oncoestetica.es\/blog\/wp-content\/uploads\/emulsion-corporal-hidratante.jpg 440w, https:\/\/oncoestetica.es\/blog\/wp-content\/uploads\/emulsion-corporal-hidratante-300x288.jpg 300w\" sizes=\"auto, (max-width: 440px) 100vw, 440px\" \/><\/a><\/p>\n<h3 style=\"text-align: center;\"><span style=\"color: #800000;\"><span style=\"color: #000000;\">\u21d3<\/span>ONC BODY BALSAM<span style=\"color: #000000;\">\u21d3<\/span><\/span><\/h3>\n<p><a href=\"https:\/\/oncoestetica.es\/cuidado-corporal\/onc-body-balsam.html\" target=\"_blank\" rel=\"noopener noreferrer\"><img loading=\"lazy\" decoding=\"async\" class=\"size-full wp-image-4613 aligncenter\" src=\"https:\/\/oncoestetica.es\/blog\/wp-content\/uploads\/crema-corporal-piel-seca.jpg\" alt=\"crema corporal piel seca\" width=\"440\" height=\"422\" srcset=\"https:\/\/oncoestetica.es\/blog\/wp-content\/uploads\/crema-corporal-piel-seca.jpg 440w, https:\/\/oncoestetica.es\/blog\/wp-content\/uploads\/crema-corporal-piel-seca-300x288.jpg 300w\" sizes=\"auto, (max-width: 440px) 100vw, 440px\" \/><\/a><\/p>\n<h3 style=\"text-align: center;\"><strong>Protocolo de cuidado y recomendaciones para el paciente.<\/strong><\/h3>\n<p><strong><span style=\"color: #800000;\">&#8211;<\/span> <\/strong>Cuidar la piel de todo el cuerpo desde el inicio del tratamiento oncol\u00f3gico con un gel suave e hidratante sin tensioactivos agresivos, o Sls. (Sodium laureth sulfate), SIN parabenos o derivados del petr\u00f3leo(Parafina liquida o Aceite mineral)<\/p>\n<p><strong><span style=\"color: #800000;\">&#8211;<\/span> <\/strong>Comenzar como m\u00ednimo un mes antes de la radioterapia con la crema espec\u00edfica de la zona a tratar. Aplicar en toda la zona <a href=\"https:\/\/oncoestetica.es\/radioterapia-sativa\/gy-tex-protectora-cuello-torax-abdomen-radioterapia-pieles-sensibles.html\"><strong>SATIVA GY-TEX<\/strong><\/a><\/p>\n<p><strong><span style=\"color: #800000;\">&#8211;<\/span> <\/strong>Una vez iniciado el tratamiento, aplicar dos veces al d\u00eda. Aplicar despu\u00e9s de la sesi\u00f3n. No aplicar nada durante las dos horas anteriores a la sesi\u00f3n.<\/p>\n<p>&nbsp;<\/p>\n<p><strong><span style=\"color: #800000;\">CUIDADO DIARIO:\u00a0<\/span><\/strong> gel de ducha\u00a0 SYNDET+ Emulsi\u00f3n hidratante corporal con avena SATIVA SOFT EMULSI\u00d3N HIDRATANTE DE COSMECLINIK.<\/p>\n<h3 style=\"text-align: center;\"><span style=\"color: #800000;\">\u21d3<\/span>CUIDADOS DE LA ZONA TRATADA DURANTE LA RADIOTERAPIA<span style=\"color: #800000;\">\u21d3<\/span><\/h3>\n<p>&nbsp;<\/p>\n<p>Un mes antes de iniciar la radioterapia, comenzar a aplicar en la zona a tratar el gel <strong>SATIVA GY-TEX.<\/strong><\/p>\n<blockquote>\n<p style=\"text-align: center;\">Recomendada ya por la mayor\u00eda de los radi\u00f3logos.<\/p>\n<\/blockquote>\n<p><strong>SATIVA GY-TEX CONTIENE T-XOE<\/strong> y varios ingredientes protectores, hidratantes y regeneradores.<\/p>\n<p><img loading=\"lazy\" decoding=\"async\" class=\"wp-image-5649 aligncenter\" src=\"https:\/\/oncoestetica.es\/blog\/wp-content\/uploads\/Captura-de-pantalla-2020-10-06-a-las-17.00.03.png\" alt=\"\" width=\"342\" height=\"343\" srcset=\"https:\/\/oncoestetica.es\/blog\/wp-content\/uploads\/Captura-de-pantalla-2020-10-06-a-las-17.00.03.png 544w, https:\/\/oncoestetica.es\/blog\/wp-content\/uploads\/Captura-de-pantalla-2020-10-06-a-las-17.00.03-150x150.png 150w, https:\/\/oncoestetica.es\/blog\/wp-content\/uploads\/Captura-de-pantalla-2020-10-06-a-las-17.00.03-300x300.png 300w\" sizes=\"auto, (max-width: 342px) 100vw, 342px\" \/><\/p>\n<p>Como complemento a <strong>Gy-tex<\/strong>, y en caso de pieles sensibles que necesiten un cuidado extra, recomendamos aplicar <strong><u>Termal Lotion<\/u> de ONC Dermology<\/strong> por su composici\u00f3n y aplicaci\u00f3n en Spray.<\/p>\n<p>En casos de <strong>piel muy irritada<\/strong>, en lo que no es conveniente masajear la zona, no ayudaremos de <strong><u>TERMAL LOTION ONC<\/u><\/strong> y la aplicaremos tantas veces como sea necesario.<\/p>\n<p><a href=\"https:\/\/oncoestetica.es\/cuidado-corporal\/onc-thermal-lotion-sequedad-irritaciones-integral.html\" target=\"_blank\" rel=\"noopener noreferrer\"><img loading=\"lazy\" decoding=\"async\" class=\"size-full wp-image-4614 aligncenter\" src=\"https:\/\/oncoestetica.es\/blog\/wp-content\/uploads\/sequedad-e-irritaciones-2.jpg\" alt=\"sequedad e irritaciones\" width=\"440\" height=\"422\" srcset=\"https:\/\/oncoestetica.es\/blog\/wp-content\/uploads\/sequedad-e-irritaciones-2.jpg 440w, https:\/\/oncoestetica.es\/blog\/wp-content\/uploads\/sequedad-e-irritaciones-2-300x288.jpg 300w\" sizes=\"auto, (max-width: 440px) 100vw, 440px\" \/><\/a><\/p>\n<h2 style=\"text-align: center;\"><span style=\"color: #800000;\">PRECAUCIONES EN RADIOTERAPIA<\/span><\/h2>\n<p><strong><span style=\"color: #800000;\">\u2013<\/span><\/strong> <strong>No deben frotar<\/strong> bajo ning\u00fan concepto la zona irradiada, sobre todo, si ven que aparece una pigmentaci\u00f3n m\u00e1s oscura. Esta pigmentaci\u00f3n desaparecer\u00e1 sola, con el tiempo, y adem\u00e1s es desaconsejable porque podr\u00edan da\u00f1ar la piel.<\/p>\n<p><strong><span style=\"color: #800000;\">\u2013<\/span><\/strong> <strong>Tratar de evitar<\/strong> collares, cadenas y el\u00e1sticos que puedan irritar la piel con el roce.<\/p>\n<p><span style=\"color: #800000;\"><strong>\u2013<\/strong> <\/span><strong>Proteger la piel<\/strong> del sol al menos un a\u00f1o tras el tratamiento. Y utilizar pantalla total.<\/p>\n<p><strong><span style=\"color: #800000;\">\u2013<\/span> Evitar la depilaci\u00f3n<\/strong> de la zona irradiada. El vello en esa zona ir\u00e1 desapareciendo poco a poco durante el tratamiento.<\/p>\n<p><strong><span style=\"color: #800000;\">\u2013<\/span><\/strong> <strong>La realizaci\u00f3n de tatuajes<\/strong> en la zona irradiada est\u00e1 desaconsejada siempre.<\/p>\n<p><strong><span style=\"color: #800000;\">\u2013<\/span><\/strong> <strong>No usar<\/strong> perfumes.<\/p>\n<p><strong><span style=\"color: #800000;\">\u2013<\/span> No aplicar<\/strong> vendas ni esparadrapos.<\/p>\n<p><strong><span style=\"color: #800000;\">\u2013<\/span> No aplicar<\/strong> hielo o calor.<\/p>\n<p><strong><span style=\"color: #800000;\">\u2013<\/span><\/strong> <strong>No ba\u00f1arse<\/strong> en piscinas, agua salada, lagos\u2026<\/p>\n<p><strong><span style=\"color: #800000;\">\u2013<\/span><\/strong>Le recomendaremos <strong>productos formulados<\/strong> para cuidar su<strong> piel durante la radioterapia<\/strong>. La gama <strong>Avena Sativa de Cosmeclinik<\/strong> u <strong>ONC Dermology<\/strong> son las m\u00e1s id\u00f3neas para este momento.<\/p>\n<p><a href=\"https:\/\/oncoestetica.es\/categoria\/radioterapia-sativa\" target=\"_blank\" rel=\"noopener noreferrer\"><img loading=\"lazy\" decoding=\"async\" class=\"alignnone size-full wp-image-4615\" src=\"https:\/\/oncoestetica.es\/blog\/wp-content\/uploads\/linea-radioterapia-sativa.jpg\" alt=\"l\u00ednea radioterapia sativa\" width=\"873\" height=\"260\" srcset=\"https:\/\/oncoestetica.es\/blog\/wp-content\/uploads\/linea-radioterapia-sativa.jpg 873w, https:\/\/oncoestetica.es\/blog\/wp-content\/uploads\/linea-radioterapia-sativa-300x89.jpg 300w, https:\/\/oncoestetica.es\/blog\/wp-content\/uploads\/linea-radioterapia-sativa-768x229.jpg 768w\" sizes=\"auto, (max-width: 873px) 100vw, 873px\" \/><\/a><\/p>\n<h2 style=\"text-align: center;\"><span style=\"color: #800000;\"><span style=\"color: #000000;\">\u2665<\/span>Oncoest\u00e9tica, verte bien es importante<span style=\"color: #000000;\">\u2665<\/span><\/span><\/h2>\n","protected":false},"excerpt":{"rendered":"<p>En la radioterapia aplicada en las zonas de la cabeza, cuello, abdomen o t\u00f3rax, los cuidados generales son los mismos que en otras zonas, por lo que debes tener en cuenta una serie de precauciones. Durante el tratamiento radioter\u00e1pico, suele aparecer dermatitis aguda de intensidad variable que puede ser muy molesta para la paciente y [&hellip;]<\/p>\n","protected":false},"author":1,"featured_media":4618,"parent":0,"menu_order":0,"comment_status":"closed","ping_status":"closed","template":"","meta":{"_et_pb_use_builder":"","_et_pb_old_content":"","_et_gb_content_width":"","footnotes":""},"class_list":["post-4609","page","type-page","status-publish","has-post-thumbnail","hentry"],"_links":{"self":[{"href":"https:\/\/oncoestetica.es\/blog\/index.php\/wp-json\/wp\/v2\/pages\/4609","targetHints":{"allow":["GET"]}}],"collection":[{"href":"https:\/\/oncoestetica.es\/blog\/index.php\/wp-json\/wp\/v2\/pages"}],"about":[{"href":"https:\/\/oncoestetica.es\/blog\/index.php\/wp-json\/wp\/v2\/types\/page"}],"author":[{"embeddable":true,"href":"https:\/\/oncoestetica.es\/blog\/index.php\/wp-json\/wp\/v2\/users\/1"}],"replies":[{"embeddable":true,"href":"https:\/\/oncoestetica.es\/blog\/index.php\/wp-json\/wp\/v2\/comments?post=4609"}],"version-history":[{"count":9,"href":"https:\/\/oncoestetica.es\/blog\/index.php\/wp-json\/wp\/v2\/pages\/4609\/revisions"}],"predecessor-version":[{"id":5650,"href":"https:\/\/oncoestetica.es\/blog\/index.php\/wp-json\/wp\/v2\/pages\/4609\/revisions\/5650"}],"wp:featuredmedia":[{"embeddable":true,"href":"https:\/\/oncoestetica.es\/blog\/index.php\/wp-json\/wp\/v2\/media\/4618"}],"wp:attachment":[{"href":"https:\/\/oncoestetica.es\/blog\/index.php\/wp-json\/wp\/v2\/media?parent=4609"}],"curies":[{"name":"wp","href":"https:\/\/api.w.org\/{rel}","templated":true}]}}